{"id":320,"date":"2018-12-07T16:21:34","date_gmt":"2018-12-07T15:21:34","guid":{"rendered":"http:\/\/www.xn--empirsllskapet-bib.se\/?page_id=320"},"modified":"2018-12-07T16:21:34","modified_gmt":"2018-12-07T15:21:34","slug":"engelska-langdansen","status":"publish","type":"page","link":"https:\/\/www.xn--empirsllskapet-bib.se\/index.php\/dans\/engelska-langdansen\/","title":{"rendered":"Engelska l\u00e5ngdansen"},"content":{"rendered":"<p>Tolkad av Anna L\u00f6fgren i hennes och Vilhelm Dahll\u00f6fs dansbok <em>Samling av svenska turer<\/em> fr\u00e5n 2017. Musikfiler och noter finns p\u00e5 <a href=\"http:\/\/www.dahll\u00f6f.se\/Dansbok\/\" target=\"_blank\" rel=\"noopener\">hemsidan f\u00f6r dansboken<\/a>.<\/p>\n<p><em>Uppst\u00e4llning<\/em>: L\u00e5ngdans, parvis p\u00e5 led. Paren delas in i \u201cettor\u201d och \u201dtv\u00e5or\u201d, med b\u00f6rjan fr\u00e5n det f\u00f6rsta paret. Ettorna dansar med de bakomvarande tv\u00e5orna och f\u00e5r nya tv\u00e5or att dansa med n\u00e4r progression sker. Dansas med g\u00e5ngsteg.<\/p>\n<p><em>1-8<\/em>\u00a0\u00a0 Ettorna och tv\u00e5orna g\u00f6r h\u00f6ger- och v\u00e4nsterhandskors med varandra.<br \/>\n<em>9-16<\/em>\u00a0\u00a0\u00a0Ettorna g\u00f6r en omkastning runt tv\u00e5orna och dansar sedan om ett varv med varandra medan tv\u00e5orna g\u00e5r upp p\u00e5 ettornas plats.<\/p>\n<p><em>9-16<\/em>\u00a0\u00a0\u00a0D\u00e4refter g\u00f6rs en engelsk kedja tv\u00e5 g\u00e5nger: fatta h\u00f6ger hand med egen partner och g\u00e5 f\u00f6rbi varandra s\u00e5 att kavaljererna m\u00f6ts och damerna m\u00f6ts. Fatta v\u00e4nster hand med den ni m\u00f6ter och g\u00e5 f\u00f6rbi varandra s\u00e5 att ni m\u00f6ter er egen partner igen. Upprepa s\u00e5 att ni kommer tillbaka p\u00e5 egen plats och g\u00f6r sedan hela kedjan igen. Ingen ska v\u00e4nda sig om utan bara g\u00e5 kortaste v\u00e4gen f\u00f6rbi och hitta n\u00e4sta att r\u00e4cka handen. Sl\u00e4pp inte h\u00e4nder innan ni hittat n\u00e4sta att ta tag i.<\/p>\n","protected":false},"excerpt":{"rendered":"<p>Tolkad av Anna L\u00f6fgren i hennes och Vilhelm Dahll\u00f6fs dansbok Samling av svenska turer fr\u00e5n 2017. Musikfiler och noter finns p\u00e5 hemsidan f\u00f6r dansboken. Uppst\u00e4llning: L\u00e5ngdans, parvis p\u00e5 led. Paren delas in i \u201cettor\u201d och \u201dtv\u00e5or\u201d, med b\u00f6rjan fr\u00e5n det f\u00f6rsta paret. Ettorna dansar med de bakomvarande tv\u00e5orna och f\u00e5r nya tv\u00e5or att dansa med &hellip; <\/p>\n<p class=\"link-more\"><a href=\"https:\/\/www.xn--empirsllskapet-bib.se\/index.php\/dans\/engelska-langdansen\/\" class=\"more-link\">Forts\u00e4tt l\u00e4sa<span class=\"screen-reader-text\"> \u201dEngelska l\u00e5ngdansen\u201d<\/span><\/a><\/p>\n","protected":false},"author":1,"featured_media":0,"parent":11,"menu_order":0,"comment_status":"closed","ping_status":"closed","template":"","meta":{"footnotes":""},"class_list":["post-320","page","type-page","status-publish","hentry"],"_links":{"self":[{"href":"https:\/\/www.xn--empirsllskapet-bib.se\/index.php\/wp-json\/wp\/v2\/pages\/320","targetHints":{"allow":["GET"]}}],"collection":[{"href":"https:\/\/www.xn--empirsllskapet-bib.se\/index.php\/wp-json\/wp\/v2\/pages"}],"about":[{"href":"https:\/\/www.xn--empirsllskapet-bib.se\/index.php\/wp-json\/wp\/v2\/types\/page"}],"author":[{"embeddable":true,"href":"https:\/\/www.xn--empirsllskapet-bib.se\/index.php\/wp-json\/wp\/v2\/users\/1"}],"replies":[{"embeddable":true,"href":"https:\/\/www.xn--empirsllskapet-bib.se\/index.php\/wp-json\/wp\/v2\/comments?post=320"}],"version-history":[{"count":1,"href":"https:\/\/www.xn--empirsllskapet-bib.se\/index.php\/wp-json\/wp\/v2\/pages\/320\/revisions"}],"predecessor-version":[{"id":321,"href":"https:\/\/www.xn--empirsllskapet-bib.se\/index.php\/wp-json\/wp\/v2\/pages\/320\/revisions\/321"}],"up":[{"embeddable":true,"href":"https:\/\/www.xn--empirsllskapet-bib.se\/index.php\/wp-json\/wp\/v2\/pages\/11"}],"wp:attachment":[{"href":"https:\/\/www.xn--empirsllskapet-bib.se\/index.php\/wp-json\/wp\/v2\/media?parent=320"}],"curies":[{"name":"wp","href":"https:\/\/api.w.org\/{rel}","templated":true}]}}