{"id":323,"date":"2018-12-07T16:55:36","date_gmt":"2018-12-07T15:55:36","guid":{"rendered":"http:\/\/www.xn--empirsllskapet-bib.se\/?page_id=323"},"modified":"2018-12-07T16:55:36","modified_gmt":"2018-12-07T15:55:36","slug":"fredrike","status":"publish","type":"page","link":"https:\/\/www.xn--empirsllskapet-bib.se\/index.php\/dans\/fredrike\/","title":{"rendered":"Fredrike"},"content":{"rendered":"<p>Tolkad av Anna L\u00f6fgren i hennes och Vilhelm Dahll\u00f6fs dansbok <em>Samling av svenska turer<\/em> fr\u00e5n 2017. Musikfiler och noter finns p\u00e5 <a href=\"http:\/\/www.dahll\u00f6f.se\/Dansbok\/\" target=\"_blank\" rel=\"noopener\">hemsidan f\u00f6r dansboken<\/a>.<\/p>\n<p><em>Uppst\u00e4llning<\/em>: Kontradans\/kadrilj (fyra par i fyrkant, numrerade fr\u00e5n 1 till 4, d\u00e4r par 1 och 3 som st\u00e5r mittemot varandra \u00e4r premi\u00e4rpar och par 2 och 4 \u00e4r sekondpar).<\/p>\n<p><em>Steg<\/em>: Chass\u00e9steg<\/p>\n<p>|1-8|\u00a0\u00a0\u00a0\u00a0\u00a0\u00a0\u00a0\u00a0\u00a0\u00a0\u00a0\u00a0\u00a0 Stor rond medsols och motsols.<\/p>\n<p>9-12\u00a0\u00a0\u00a0\u00a0\u00a0\u00a0\u00a0\u00a0\u00a0\u00a0\u00a0\u00a0\u00a0 Premi\u00e4rparen g\u00f6r approch\u00e9 med 4 chass\u00e9steg mot det sekondpar som st\u00e5r till h\u00f6ger.<\/p>\n<p>13-16\u00a0\u00a0\u00a0\u00a0\u00a0\u00a0\u00a0\u00a0\u00a0\u00a0\u00a0 Premi\u00e4rparen fattar h\u00e4nder med sina sekonder och dansar om medurs och sl\u00e4pper sedan sekonderna n\u00e4r alla \u00e4r tillbaka vid sin egen plats.<\/p>\n<p>9-16\u00a0\u00a0\u00a0\u00a0\u00a0\u00a0\u00a0\u00a0\u00a0\u00a0\u00a0\u00a0\u00a0 Sekondparen upprepar.<\/p>\n<p>17-20\u00a0\u00a0\u00a0\u00a0\u00a0\u00a0\u00a0\u00a0\u00a0\u00a0\u00a0 F\u00f6rste kavaljer g\u00f6r rygg om rygg med damen mittemot.<\/p>\n<p>21-24\u00a0\u00a0\u00a0\u00a0\u00a0\u00a0\u00a0\u00a0\u00a0\u00a0\u00a0 B\u00e5da v\u00e4nder sig d\u00e4refter till sin egen partner och dansar om tillbaka till egen plats.<\/p>\n<p>|17-24|||\u00a0\u00a0\u00a0\u00a0\u00a0\u00a0\u00a0 Andre, tredje och fj\u00e4rde kavaljer upprepar detsamma i tur och ordning.<\/p>\n<p>25-32\u00a0\u00a0\u00a0\u00a0\u00a0\u00a0\u00a0\u00a0\u00a0\u00a0\u00a0 Alla paren valsar om motsols i rummet, men medsols runt sin egen dansaxel, tillbaka till egen plats.<\/p>\n","protected":false},"excerpt":{"rendered":"<p>Tolkad av Anna L\u00f6fgren i hennes och Vilhelm Dahll\u00f6fs dansbok Samling av svenska turer fr\u00e5n 2017. Musikfiler och noter finns p\u00e5 hemsidan f\u00f6r dansboken. Uppst\u00e4llning: Kontradans\/kadrilj (fyra par i fyrkant, numrerade fr\u00e5n 1 till 4, d\u00e4r par 1 och 3 som st\u00e5r mittemot varandra \u00e4r premi\u00e4rpar och par 2 och 4 \u00e4r sekondpar). Steg: Chass\u00e9steg &hellip; <\/p>\n<p class=\"link-more\"><a href=\"https:\/\/www.xn--empirsllskapet-bib.se\/index.php\/dans\/fredrike\/\" class=\"more-link\">Forts\u00e4tt l\u00e4sa<span class=\"screen-reader-text\"> \u201dFredrike\u201d<\/span><\/a><\/p>\n","protected":false},"author":1,"featured_media":0,"parent":11,"menu_order":0,"comment_status":"closed","ping_status":"closed","template":"","meta":{"footnotes":""},"class_list":["post-323","page","type-page","status-publish","hentry"],"_links":{"self":[{"href":"https:\/\/www.xn--empirsllskapet-bib.se\/index.php\/wp-json\/wp\/v2\/pages\/323","targetHints":{"allow":["GET"]}}],"collection":[{"href":"https:\/\/www.xn--empirsllskapet-bib.se\/index.php\/wp-json\/wp\/v2\/pages"}],"about":[{"href":"https:\/\/www.xn--empirsllskapet-bib.se\/index.php\/wp-json\/wp\/v2\/types\/page"}],"author":[{"embeddable":true,"href":"https:\/\/www.xn--empirsllskapet-bib.se\/index.php\/wp-json\/wp\/v2\/users\/1"}],"replies":[{"embeddable":true,"href":"https:\/\/www.xn--empirsllskapet-bib.se\/index.php\/wp-json\/wp\/v2\/comments?post=323"}],"version-history":[{"count":1,"href":"https:\/\/www.xn--empirsllskapet-bib.se\/index.php\/wp-json\/wp\/v2\/pages\/323\/revisions"}],"predecessor-version":[{"id":324,"href":"https:\/\/www.xn--empirsllskapet-bib.se\/index.php\/wp-json\/wp\/v2\/pages\/323\/revisions\/324"}],"up":[{"embeddable":true,"href":"https:\/\/www.xn--empirsllskapet-bib.se\/index.php\/wp-json\/wp\/v2\/pages\/11"}],"wp:attachment":[{"href":"https:\/\/www.xn--empirsllskapet-bib.se\/index.php\/wp-json\/wp\/v2\/media?parent=323"}],"curies":[{"name":"wp","href":"https:\/\/api.w.org\/{rel}","templated":true}]}}