{"id":329,"date":"2018-12-08T00:05:23","date_gmt":"2018-12-07T23:05:23","guid":{"rendered":"http:\/\/www.xn--empirsllskapet-bib.se\/?page_id=329"},"modified":"2018-12-08T00:29:29","modified_gmt":"2018-12-07T23:29:29","slug":"kontradanser-kadriljer","status":"publish","type":"page","link":"https:\/\/www.xn--empirsllskapet-bib.se\/index.php\/dans\/kontradanser-kadriljer\/","title":{"rendered":"Kontradanser\/kadriljer"},"content":{"rendered":"<p>Kontradanser\/kadriljer dansas av fyra par uppst\u00e4llda i fyrkant med \u201ckavaljeren\u201d till v\u00e4nster och \u201cdamen\u201d till h\u00f6ger. Paren numreras fr\u00e5n 1 till 4, d\u00e4r par 1 och 3 som st\u00e5r mittemot varandra ben\u00e4mns premi\u00e4rpar och par 2 och 4 ben\u00e4mns sekondpar. Paret mittemot i en kadriljuppst\u00e4llning ben\u00e4mns \u00e4ven kontrapar. Det \u00e4r l\u00e4ttare f\u00f6r oerfarna dansare att dansa som sekonder eftersom premi\u00e4rerna har initiativet i dansen och sekonderna ofta upprepar deras danssteg. Kadriljen inleds med n\u00e5gon form av stor rond, d.v.s. dans i ring. L\u00e5g handfattning, med damens hand i kavaljerens hans; minnesregel \u201ds\u00e5 att hon kan visa upp sina ringar\u201d.<\/p>\n","protected":false},"excerpt":{"rendered":"<p>Kontradanser\/kadriljer dansas av fyra par uppst\u00e4llda i fyrkant med \u201ckavaljeren\u201d till v\u00e4nster och \u201cdamen\u201d till h\u00f6ger. Paren numreras fr\u00e5n 1 till 4, d\u00e4r par 1 och 3 som st\u00e5r mittemot varandra ben\u00e4mns premi\u00e4rpar och par 2 och 4 ben\u00e4mns sekondpar. Paret mittemot i en kadriljuppst\u00e4llning ben\u00e4mns \u00e4ven kontrapar. Det \u00e4r l\u00e4ttare f\u00f6r oerfarna dansare att &hellip; <\/p>\n<p class=\"link-more\"><a href=\"https:\/\/www.xn--empirsllskapet-bib.se\/index.php\/dans\/kontradanser-kadriljer\/\" class=\"more-link\">Forts\u00e4tt l\u00e4sa<span class=\"screen-reader-text\"> \u201dKontradanser\/kadriljer\u201d<\/span><\/a><\/p>\n","protected":false},"author":1,"featured_media":0,"parent":11,"menu_order":0,"comment_status":"closed","ping_status":"closed","template":"","meta":{"footnotes":""},"class_list":["post-329","page","type-page","status-publish","hentry"],"_links":{"self":[{"href":"https:\/\/www.xn--empirsllskapet-bib.se\/index.php\/wp-json\/wp\/v2\/pages\/329","targetHints":{"allow":["GET"]}}],"collection":[{"href":"https:\/\/www.xn--empirsllskapet-bib.se\/index.php\/wp-json\/wp\/v2\/pages"}],"about":[{"href":"https:\/\/www.xn--empirsllskapet-bib.se\/index.php\/wp-json\/wp\/v2\/types\/page"}],"author":[{"embeddable":true,"href":"https:\/\/www.xn--empirsllskapet-bib.se\/index.php\/wp-json\/wp\/v2\/users\/1"}],"replies":[{"embeddable":true,"href":"https:\/\/www.xn--empirsllskapet-bib.se\/index.php\/wp-json\/wp\/v2\/comments?post=329"}],"version-history":[{"count":4,"href":"https:\/\/www.xn--empirsllskapet-bib.se\/index.php\/wp-json\/wp\/v2\/pages\/329\/revisions"}],"predecessor-version":[{"id":341,"href":"https:\/\/www.xn--empirsllskapet-bib.se\/index.php\/wp-json\/wp\/v2\/pages\/329\/revisions\/341"}],"up":[{"embeddable":true,"href":"https:\/\/www.xn--empirsllskapet-bib.se\/index.php\/wp-json\/wp\/v2\/pages\/11"}],"wp:attachment":[{"href":"https:\/\/www.xn--empirsllskapet-bib.se\/index.php\/wp-json\/wp\/v2\/media?parent=329"}],"curies":[{"name":"wp","href":"https:\/\/api.w.org\/{rel}","templated":true}]}}