{"id":332,"date":"2018-12-08T00:08:11","date_gmt":"2018-12-07T23:08:11","guid":{"rendered":"http:\/\/www.xn--empirsllskapet-bib.se\/?page_id=332"},"modified":"2018-12-08T00:22:59","modified_gmt":"2018-12-07T23:22:59","slug":"langdanser","status":"publish","type":"page","link":"https:\/\/www.xn--empirsllskapet-bib.se\/index.php\/dans\/langdanser\/","title":{"rendered":"L\u00e5ngdanser"},"content":{"rendered":"<p>L\u00e5ngdanser dansas parvis p\u00e5 led med \u201ckavaljeren\u201d till v\u00e4nster och \u201cdamen\u201d till h\u00f6ger. Paren delas vanligtvis in i \u201cettor\u201d och \u201dtv\u00e5or\u201d, med b\u00f6rjan fr\u00e5n det fr\u00e4msta paret. Ettorna dansar med de bakomvarande tv\u00e5orna och f\u00e5r nya tv\u00e5or att dansa med n\u00e4r progression sker (att ettorna vandrar ned\u00e5t i ledet under varje dansslinga medan tv\u00e5orna vandrar upp\u00e5t). N\u00e4r ett par kommer till \u00e4nden av ledet s\u00e5 st\u00e5r det \u00f6ver en dansrunda och b\u00f6rjar sedan om som ettor ist\u00e4llet f\u00f6r tv\u00e5or och vice versa. L\u00e5g handfattning, med damens hand i kavaljerens hans; minnesregel \u201ds\u00e5 att hon kan visa upp sina ringar\u201d. N\u00e4r damer fattar hand med damer och herrar med herrar \u00e4r det ettan som h\u00e5ller tv\u00e5ans hand.<\/p>\n","protected":false},"excerpt":{"rendered":"<p>L\u00e5ngdanser dansas parvis p\u00e5 led med \u201ckavaljeren\u201d till v\u00e4nster och \u201cdamen\u201d till h\u00f6ger. Paren delas vanligtvis in i \u201cettor\u201d och \u201dtv\u00e5or\u201d, med b\u00f6rjan fr\u00e5n det fr\u00e4msta paret. Ettorna dansar med de bakomvarande tv\u00e5orna och f\u00e5r nya tv\u00e5or att dansa med n\u00e4r progression sker (att ettorna vandrar ned\u00e5t i ledet under varje dansslinga medan tv\u00e5orna vandrar &hellip; <\/p>\n<p class=\"link-more\"><a href=\"https:\/\/www.xn--empirsllskapet-bib.se\/index.php\/dans\/langdanser\/\" class=\"more-link\">Forts\u00e4tt l\u00e4sa<span class=\"screen-reader-text\"> \u201dL\u00e5ngdanser\u201d<\/span><\/a><\/p>\n","protected":false},"author":1,"featured_media":0,"parent":11,"menu_order":0,"comment_status":"closed","ping_status":"closed","template":"","meta":{"footnotes":""},"class_list":["post-332","page","type-page","status-publish","hentry"],"_links":{"self":[{"href":"https:\/\/www.xn--empirsllskapet-bib.se\/index.php\/wp-json\/wp\/v2\/pages\/332","targetHints":{"allow":["GET"]}}],"collection":[{"href":"https:\/\/www.xn--empirsllskapet-bib.se\/index.php\/wp-json\/wp\/v2\/pages"}],"about":[{"href":"https:\/\/www.xn--empirsllskapet-bib.se\/index.php\/wp-json\/wp\/v2\/types\/page"}],"author":[{"embeddable":true,"href":"https:\/\/www.xn--empirsllskapet-bib.se\/index.php\/wp-json\/wp\/v2\/users\/1"}],"replies":[{"embeddable":true,"href":"https:\/\/www.xn--empirsllskapet-bib.se\/index.php\/wp-json\/wp\/v2\/comments?post=332"}],"version-history":[{"count":2,"href":"https:\/\/www.xn--empirsllskapet-bib.se\/index.php\/wp-json\/wp\/v2\/pages\/332\/revisions"}],"predecessor-version":[{"id":336,"href":"https:\/\/www.xn--empirsllskapet-bib.se\/index.php\/wp-json\/wp\/v2\/pages\/332\/revisions\/336"}],"up":[{"embeddable":true,"href":"https:\/\/www.xn--empirsllskapet-bib.se\/index.php\/wp-json\/wp\/v2\/pages\/11"}],"wp:attachment":[{"href":"https:\/\/www.xn--empirsllskapet-bib.se\/index.php\/wp-json\/wp\/v2\/media?parent=332"}],"curies":[{"name":"wp","href":"https:\/\/api.w.org\/{rel}","templated":true}]}}