{"id":452,"date":"2024-12-26T18:33:02","date_gmt":"2024-12-26T17:33:02","guid":{"rendered":"https:\/\/www.xn--empirsllskapet-bib.se\/?page_id=452"},"modified":"2024-12-26T18:33:02","modified_gmt":"2024-12-26T17:33:02","slug":"exempel-pa-en-introduktion","status":"publish","type":"page","link":"https:\/\/www.xn--empirsllskapet-bib.se\/index.php\/exempel-pa-en-introduktion\/","title":{"rendered":"Exempel p\u00e5 en introduktion"},"content":{"rendered":"\n<p>Miss Jane Bennet: (till v\u00e4rdinnan) &#8221;Madam, jag har h\u00f6rt att Lord Smith har ett stort intresse f\u00f6r litteratur. Jag skulle vara mycket tacksam om ni kunde introducera mig f\u00f6r honom, om det inte vore f\u00f6r mycket besv\u00e4r.&#8221;<\/p>\n\n\n\n<p>V\u00e4rdinnan: (med ett leende) &#8221;Naturligtvis, Miss Bennet. L\u00e5t mig h\u00f6ra med honom.&#8221; (V\u00e4rdinnan n\u00e4rmar sig Lord Smith, som st\u00e5r ensam vid dansgolvet.)<\/p>\n\n\n\n<p>V\u00e4rdinnan: &#8221;My lord, jag hoppas att ni inte misstycker om jag introducerar en ung dam som \u00e4r mycket intresserad av litteratur, Miss Jane Bennet fr\u00e5n Longbourn. Hon har uttryckt en \u00f6nskan att g\u00f6ra er bekantskap.&#8221;<\/p>\n\n\n\n<p>Lord Smith: (artigt bugande) &#8221;Det skulle vara mig ett n\u00f6je, Madam.&#8221; (V\u00e4rdinnan leder Miss Bennet fram till Lord Smith.)<\/p>\n\n\n\n<p>V\u00e4rdinnan: (v\u00e4nd mot Miss Bennet) &#8221;Miss Bennet, f\u00e5r jag presentera Lord Smith?&#8221;<br>(v\u00e4nd mot Lord Smith) &#8221;Lord Smith, detta \u00e4r Miss Jane Bennet av Longbourn.&#8221;<\/p>\n\n\n\n<p>Miss Bennet: (sl\u00e5r ner blicken, nyper l\u00e4tt i kjolen och g\u00f6r en djup nigning) &#8221;Det \u00e4r en \u00e4ra att g\u00f6ra er bekantskap, my lord.&#8221;<\/p>\n\n\n\n<p>Lord Smith: (bugar l\u00e4tt) &#8221;\u00c4ran \u00e4r helt min, Miss Bennet. Jag har h\u00f6rt mycket om Longbourn och dess charmiga omgivningar.&#8221;<\/p>\n\n\n\n<p>Miss Bennet: &#8221;Ni \u00e4r mycket v\u00e4nlig, my lord. Jag har h\u00f6rt att ni \u00e4r en stor beundrare av poesi. Har ni m\u00f6jligtvis en favoritpoet?&#8221;<\/p>\n\n\n\n<p>Lord Smith: (med ett svagt leende) &#8221;Jag m\u00e5ste medge att jag har en f\u00f6rk\u00e4rlek f\u00f6r Wordsworths verk. Hans skildringar av naturens sk\u00f6nhet tilltalar mig stort. \u00c4r ni ocks\u00e5 intresserad av poesi, Miss Bennet?&#8221;<\/p>\n\n\n\n<p>Miss Bennet: &#8221;Ja, my lord. Jag finner stor gl\u00e4dje i hans dikter, s\u00e4rskilt <em>Tintern Abbey<\/em>. Hans ord talar direkt till hj\u00e4rtat.&#8221;<\/p>\n\n\n\n<p>Lord Smith: &#8221;Ett utm\u00e4rkt val. Ni har mycket god smak, Miss Bennet.&#8221;<\/p>\n\n\n\n<p>(V\u00e4rdinnan ler diskret \u00e5t deras konversation innan hon drar sig tillbaka.)<\/p>\n\n\n\n<p>Lord Smith: &#8221;Miss Bennet, om ni till\u00e5ter, skulle jag g\u00e4rna f\u00e5 \u00e4ran att dansa n\u00e4sta dans med er.&#8221;<\/p>\n\n\n\n<p>Miss Bennet: (rodnar l\u00e4tt) &#8221;Det skulle gl\u00e4dja mig mycket, my lord.&#8221;<\/p>\n\n\n\n<p>(Lord Smith bugar och Miss Bennet g\u00f6r \u00e4nnu en nigning innan han leder henne till dansgolvet.)<\/p>\n","protected":false},"excerpt":{"rendered":"<p>Miss Jane Bennet: (till v\u00e4rdinnan) &#8221;Madam, jag har h\u00f6rt att Lord Smith har ett stort intresse f\u00f6r litteratur. Jag skulle vara mycket tacksam om ni kunde introducera mig f\u00f6r honom, om det inte vore f\u00f6r mycket besv\u00e4r.&#8221; V\u00e4rdinnan: (med ett leende) &#8221;Naturligtvis, Miss Bennet. L\u00e5t mig h\u00f6ra med honom.&#8221; (V\u00e4rdinnan n\u00e4rmar sig Lord Smith, som &hellip; <\/p>\n<p class=\"link-more\"><a href=\"https:\/\/www.xn--empirsllskapet-bib.se\/index.php\/exempel-pa-en-introduktion\/\" class=\"more-link\">Forts\u00e4tt l\u00e4sa<span class=\"screen-reader-text\"> \u201dExempel p\u00e5 en introduktion\u201d<\/span><\/a><\/p>\n","protected":false},"author":1,"featured_media":0,"parent":0,"menu_order":0,"comment_status":"closed","ping_status":"closed","template":"","meta":{"footnotes":""},"class_list":["post-452","page","type-page","status-publish","hentry"],"_links":{"self":[{"href":"https:\/\/www.xn--empirsllskapet-bib.se\/index.php\/wp-json\/wp\/v2\/pages\/452","targetHints":{"allow":["GET"]}}],"collection":[{"href":"https:\/\/www.xn--empirsllskapet-bib.se\/index.php\/wp-json\/wp\/v2\/pages"}],"about":[{"href":"https:\/\/www.xn--empirsllskapet-bib.se\/index.php\/wp-json\/wp\/v2\/types\/page"}],"author":[{"embeddable":true,"href":"https:\/\/www.xn--empirsllskapet-bib.se\/index.php\/wp-json\/wp\/v2\/users\/1"}],"replies":[{"embeddable":true,"href":"https:\/\/www.xn--empirsllskapet-bib.se\/index.php\/wp-json\/wp\/v2\/comments?post=452"}],"version-history":[{"count":1,"href":"https:\/\/www.xn--empirsllskapet-bib.se\/index.php\/wp-json\/wp\/v2\/pages\/452\/revisions"}],"predecessor-version":[{"id":453,"href":"https:\/\/www.xn--empirsllskapet-bib.se\/index.php\/wp-json\/wp\/v2\/pages\/452\/revisions\/453"}],"wp:attachment":[{"href":"https:\/\/www.xn--empirsllskapet-bib.se\/index.php\/wp-json\/wp\/v2\/media?parent=452"}],"curies":[{"name":"wp","href":"https:\/\/api.w.org\/{rel}","templated":true}]}}