{"id":47,"date":"2018-02-17T14:31:33","date_gmt":"2018-02-17T13:31:33","guid":{"rendered":"http:\/\/www.xn--empirsllskapet-bib.se\/?page_id=47"},"modified":"2018-02-18T14:52:36","modified_gmt":"2018-02-18T13:52:36","slug":"la-russ","status":"publish","type":"page","link":"https:\/\/www.xn--empirsllskapet-bib.se\/index.php\/dans\/la-russ\/","title":{"rendered":"La Russ"},"content":{"rendered":"<p><a href=\"https:\/\/www.youtube.com\/watch?v=jLGembUos20\" target=\"_blank\" rel=\"noopener\">H\u00e4r ser du Empirs\u00e4llskapet dansa La Russ till musik av Yttermyrorna<\/a><\/p>\n<p>Fr\u00e5n Dansboken Angl\u00e4ser och Kadriljer funna i Yttermyra, Ovansj\u00f6 socken i G\u00e4strikland. Tolkat av Anna L\u00f6fgren.<\/p>\n<p>Uppst\u00e4llning parvis i rad f\u00f6r l\u00e5ngdans. G\u00e5ngsteg och chass\u00e9steg sidledes.<\/p>\n<style><!-- table.dances td { border-top:none; } --><\/style>\n<table class=\"dances\">\n<tbody>\n<tr>\n<td><strong>Takt<\/strong><\/td>\n<td><strong>Figur\u00e9<\/strong><\/td>\n<\/tr>\n<tr style=\"border-bottom: none;\">\n<td>1-8<\/td>\n<td>F\u00f6rsta damen och andra cavaljeren omdansar medsols.<\/td>\n<\/tr>\n<tr style=\"border-bottom: none;\">\n<td>1-8<\/td>\n<td>Andra damen och f\u00f6rsta cavaljeren g\u00f6r detsamma.<\/td>\n<\/tr>\n<tr>\n<td><\/td>\n<td><strong>Promenade<\/strong><\/td>\n<\/tr>\n<tr style=\"border-bottom: none;\">\n<td>9-16<\/td>\n<td>F\u00f6rsta paret chasserar ner med dubbel handfattning, andra paret f\u00f6ljer efter.<\/td>\n<\/tr>\n<tr style=\"border-bottom: none;\">\n<td>9-16<\/td>\n<td>B\u00e5da paren chasserar tillbaka, nu med andra paret ovanf\u00f6r det f\u00f6rsta, dvs med progression.<\/td>\n<\/tr>\n<\/tbody>\n<\/table>\n","protected":false},"excerpt":{"rendered":"<p>H\u00e4r ser du Empirs\u00e4llskapet dansa La Russ till musik av Yttermyrorna Fr\u00e5n Dansboken Angl\u00e4ser och Kadriljer funna i Yttermyra, Ovansj\u00f6 socken i G\u00e4strikland. Tolkat av Anna L\u00f6fgren. Uppst\u00e4llning parvis i rad f\u00f6r l\u00e5ngdans. G\u00e5ngsteg och chass\u00e9steg sidledes. Takt Figur\u00e9 1-8 F\u00f6rsta damen och andra cavaljeren omdansar medsols. 1-8 Andra damen och f\u00f6rsta cavaljeren g\u00f6r detsamma. &hellip; <\/p>\n<p class=\"link-more\"><a href=\"https:\/\/www.xn--empirsllskapet-bib.se\/index.php\/dans\/la-russ\/\" class=\"more-link\">Forts\u00e4tt l\u00e4sa<span class=\"screen-reader-text\"> \u201dLa Russ\u201d<\/span><\/a><\/p>\n","protected":false},"author":1,"featured_media":0,"parent":11,"menu_order":0,"comment_status":"closed","ping_status":"closed","template":"","meta":{"footnotes":""},"class_list":["post-47","page","type-page","status-publish","hentry"],"_links":{"self":[{"href":"https:\/\/www.xn--empirsllskapet-bib.se\/index.php\/wp-json\/wp\/v2\/pages\/47","targetHints":{"allow":["GET"]}}],"collection":[{"href":"https:\/\/www.xn--empirsllskapet-bib.se\/index.php\/wp-json\/wp\/v2\/pages"}],"about":[{"href":"https:\/\/www.xn--empirsllskapet-bib.se\/index.php\/wp-json\/wp\/v2\/types\/page"}],"author":[{"embeddable":true,"href":"https:\/\/www.xn--empirsllskapet-bib.se\/index.php\/wp-json\/wp\/v2\/users\/1"}],"replies":[{"embeddable":true,"href":"https:\/\/www.xn--empirsllskapet-bib.se\/index.php\/wp-json\/wp\/v2\/comments?post=47"}],"version-history":[{"count":6,"href":"https:\/\/www.xn--empirsllskapet-bib.se\/index.php\/wp-json\/wp\/v2\/pages\/47\/revisions"}],"predecessor-version":[{"id":248,"href":"https:\/\/www.xn--empirsllskapet-bib.se\/index.php\/wp-json\/wp\/v2\/pages\/47\/revisions\/248"}],"up":[{"embeddable":true,"href":"https:\/\/www.xn--empirsllskapet-bib.se\/index.php\/wp-json\/wp\/v2\/pages\/11"}],"wp:attachment":[{"href":"https:\/\/www.xn--empirsllskapet-bib.se\/index.php\/wp-json\/wp\/v2\/media?parent=47"}],"curies":[{"name":"wp","href":"https:\/\/api.w.org\/{rel}","templated":true}]}}