{"id":614,"date":"2026-03-05T17:55:21","date_gmt":"2026-03-05T16:55:21","guid":{"rendered":"https:\/\/www.xn--empirsllskapet-bib.se\/?page_id=614"},"modified":"2026-03-05T20:47:36","modified_gmt":"2026-03-05T19:47:36","slug":"testsida","status":"publish","type":"page","link":"https:\/\/www.xn--empirsllskapet-bib.se\/index.php\/jane-austens-varld-ett-hyllningslajv\/testsida\/","title":{"rendered":"Lista med karakt\u00e4rstyper p\u00e5 lajvet Jane Austen v\u00e4rld"},"content":{"rendered":"\n<h1 class=\"wp-block-heading\">Vilken roll vill du spela p\u00e5 lajvet?<\/h1>\n\n\n\n<h3 class=\"wp-block-heading\">Du tilldelas en roll inom den kategori du v\u00e4ljer i din anm\u00e4lan<\/h3>\n\n\n\n<h4 class=\"wp-block-heading\"><strong>Jag vill vara i centrum av intrigerna <\/strong><\/h4>\n\n\n\n<p>Miss Emma Woodhouse \u2013 Emma<br>Mr Frank Churchill \u2013 Emma<br>Mr Knightley \u2013 Emma<br>Miss Elizabeth Bennet \u2013 Stolthet och f\u00f6rdom<br>Mr Fitzwilliam Darcy \u2013 Stolthet och f\u00f6rdom<br>Miss Caroline Bingley \u2013 Stolthet och f\u00f6rdom<br>Lady Catherine de Bourgh \u2013 Stolthet och f\u00f6rdom<br>Mr George Wickham \u2013 Stolthet och f\u00f6rdom<br>Mrs Ferrars \u2013 F\u00f6rnuft och k\u00e4nsla<br>Miss Sophia Grey \u2013 F\u00f6rnuft och k\u00e4nsla<br>Mrs Fanny Dashwood \u2013 F\u00f6rnuft och k\u00e4nsla<br>General Tilney \u2013 Northanger Abbey<br>Mr Frederick Tilney \u2013 Northanger Abbey<br>Mr John Thorpe \u2013 Northanger Abbey<br>Miss Julia Bertram \u2013 Mansfield Park<br>Mr Henry Crawford \u2013 Mansfield Park<br>Ms Mary Crawford \u2013 Mansfield Park<br>Mrs Martha Norris \u2013 Mansfield Park<br>Sir Thomas Bertram \u2013 Mansfield Park<\/p>\n\n\n\n<h4 class=\"wp-block-heading\"><strong>Jag vill sprida rykten, mer ut\u00f6ver det vanliga, veta allt om alla och st\u00e4lla till scener<\/strong><\/h4>\n\n\n\n<p>Mrs Elton \u2013 Emma<br>Miss Bates \u2013 Emma<br>Mrs Bennet \u2013 Stolthet och f\u00f6rdom<br>Mrs Phillips \u2013 Stolthet och f\u00f6rdom<br>Miss Kitty Bennet \u2013 Stolthet och f\u00f6rdom<br>Miss Lydia Bennet \u2013 Stolthet och f\u00f6rdom<br>Lady Lucas \u2013 Stolthet och f\u00f6rdom<br>Miss Maria Lucas \u2013 Stolthet och f\u00f6rdom<br>Mrs Harriet Forster \u2013 Stolthet och f\u00f6rdom<br>Sir William Lucas \u2013 Stolthet och f\u00f6rdom<br>Sir John Middleton \u2013 F\u00f6rnuft och k\u00e4nsla<br>Mrs Fanny Dashwood \u2013 F\u00f6rnuft och k\u00e4nsla<br>Mrs Jennings \u2013 F\u00f6rnuft och k\u00e4nsla<br>Miss Anne Steele \u2013 F\u00f6rnuft och k\u00e4nsla<br>Mrs Palmer \u2013 F\u00f6rnuft och k\u00e4nsla<\/p>\n\n\n\n<h4 class=\"wp-block-heading\"><strong>Jag vill uppleva starka k\u00e4nslor och sv\u00e5ra val<\/strong>  <\/h4>\n\n\n\n<p>Miss Jane Fairfax \u2013 Emma<br>Miss Harriet Smith \u2013 Emma<br>Miss Jane Bennet \u2013 Stolthet och f\u00f6rdom<br>Miss Georgiana Darcy \u2013 Stolthet och f\u00f6rdom<br>Miss Anne de Bourgh \u2013 Stolthet och f\u00f6rdom<br>Miss Mary King \u2013 Stolthet och f\u00f6rdom<br>Miss Marianne Dashwood \u2013 F\u00f6rnuft och k\u00e4nsla<br>Mr John Willoughby \u2013 F\u00f6rnuft och k\u00e4nsla<br>Miss Elinor Dashwood \u2013 F\u00f6rnuft och k\u00e4nsla<br>Colonel Brandon \u2013 F\u00f6rnuft och k\u00e4nsla<br>Mr Edward Ferrars \u2013 F\u00f6rnuft och k\u00e4nsla<br>Miss Margaret Dashwood \u2013 F\u00f6rnuft och k\u00e4nsla<br>Miss Fanny Price \u2013 Mansfield Park<br>Mrs Maria Rushworth \u2013 Mansfield Park<br>Mr Edmund Bertram \u2013 Mansfield Park<br>Miss Catherine Morland \u2013 Northanger Abbey<br>Miss Eleanor Tilney \u2013 Northanger Abbey<br>Ms Isabella Thorpe \u2013 Northanger Abbey<\/p>\n\n\n\n<h4 class=\"wp-block-heading\"><strong>Jag vill underh\u00e5lla och g\u00f6ra bort mig storslaget<\/strong><\/h4>\n\n\n\n<p>Mr Woodhouse \u2013 Emma<br>Mr John Knightley \u2013 Emma<br>Mr Collins \u2013 Stolthet och f\u00f6rdom<br>Miss Mary Bennet \u2013 Stolthet och f\u00f6rdom<br>Mr Arthur Bennet \u2013 Stolthet och f\u00f6rdom<br>Mr Hurst \u2013 Stolthet och f\u00f6rdom<br>Mr Bennet \u2013 Stolthet och f\u00f6rdom<br>Mr Robert Ferrars \u2013 F\u00f6rnuft och k\u00e4nsla<br>Mr John Dashwood \u2013 F\u00f6rnuft och k\u00e4nsla<br>Mr Palmer \u2013 F\u00f6rnuft och k\u00e4nsla<br>Mr Charles Musgrove \u2013 \u00d6vertalning<br>Mr Tom Bertram \u2013 Mansfield Park<br>Mr Rushworth \u2013 Mansfield Park<br>Mrs Allen \u2013 Northanger Abbey<\/p>\n\n\n\n<h4 class=\"wp-block-heading\"><strong>Jag vill vara med utan press att driva spelet<\/strong> <\/h4>\n\n\n\n<p>Mrs Weston \u2013 Emma<br>Mr Robert Martin \u2013 Emma<br>Mr Weston \u2013 Emma<br>Mr Charles Bingley \u2013 Stolthet och f\u00f6rdom<br>Mrs Gardiner \u2013 Stolthet och f\u00f6rdom<br>Mr Gardiner \u2013 Stolthet och f\u00f6rdom<br>Miss Charlotte Lucas \u2013 Stolthet och f\u00f6rdom<br>Mrs Jenkinson \u2013 Stolthet och f\u00f6rdom<br>L\u00f6jtnant Denny \u2013 Stolthet och f\u00f6rdom<br>\u00d6verste Forster \u2013 Stolthet och f\u00f6rdom<br>Lady Middleton \u2013 F\u00f6rnuft och k\u00e4nsla<br>Lady Bertram \u2013 Mansfield Park<\/p>\n\n\n\n<hr class=\"wp-block-separator has-alpha-channel-opacity\"\/>\n\n\n\n<p><\/p>\n","protected":false},"excerpt":{"rendered":"<p>Vilken roll vill du spela p\u00e5 lajvet? Du tilldelas en roll inom den kategori du v\u00e4ljer i din anm\u00e4lan Jag vill vara i centrum av intrigerna Miss Emma Woodhouse \u2013 EmmaMr Frank Churchill \u2013 EmmaMr Knightley \u2013 EmmaMiss Elizabeth Bennet \u2013 Stolthet och f\u00f6rdomMr Fitzwilliam Darcy \u2013 Stolthet och f\u00f6rdomMiss Caroline Bingley \u2013 Stolthet och &hellip; <\/p>\n<p class=\"link-more\"><a href=\"https:\/\/www.xn--empirsllskapet-bib.se\/index.php\/jane-austens-varld-ett-hyllningslajv\/testsida\/\" class=\"more-link\">Forts\u00e4tt l\u00e4sa<span class=\"screen-reader-text\"> \u201dLista med karakt\u00e4rstyper p\u00e5 lajvet Jane Austen v\u00e4rld\u201d<\/span><\/a><\/p>\n","protected":false},"author":1,"featured_media":0,"parent":464,"menu_order":0,"comment_status":"closed","ping_status":"closed","template":"","meta":{"footnotes":""},"class_list":["post-614","page","type-page","status-publish","hentry"],"_links":{"self":[{"href":"https:\/\/www.xn--empirsllskapet-bib.se\/index.php\/wp-json\/wp\/v2\/pages\/614","targetHints":{"allow":["GET"]}}],"collection":[{"href":"https:\/\/www.xn--empirsllskapet-bib.se\/index.php\/wp-json\/wp\/v2\/pages"}],"about":[{"href":"https:\/\/www.xn--empirsllskapet-bib.se\/index.php\/wp-json\/wp\/v2\/types\/page"}],"author":[{"embeddable":true,"href":"https:\/\/www.xn--empirsllskapet-bib.se\/index.php\/wp-json\/wp\/v2\/users\/1"}],"replies":[{"embeddable":true,"href":"https:\/\/www.xn--empirsllskapet-bib.se\/index.php\/wp-json\/wp\/v2\/comments?post=614"}],"version-history":[{"count":37,"href":"https:\/\/www.xn--empirsllskapet-bib.se\/index.php\/wp-json\/wp\/v2\/pages\/614\/revisions"}],"predecessor-version":[{"id":664,"href":"https:\/\/www.xn--empirsllskapet-bib.se\/index.php\/wp-json\/wp\/v2\/pages\/614\/revisions\/664"}],"up":[{"embeddable":true,"href":"https:\/\/www.xn--empirsllskapet-bib.se\/index.php\/wp-json\/wp\/v2\/pages\/464"}],"wp:attachment":[{"href":"https:\/\/www.xn--empirsllskapet-bib.se\/index.php\/wp-json\/wp\/v2\/media?parent=614"}],"curies":[{"name":"wp","href":"https:\/\/api.w.org\/{rel}","templated":true}]}}