{"id":64,"date":"2018-02-17T14:43:07","date_gmt":"2018-02-17T13:43:07","guid":{"rendered":"http:\/\/www.xn--empirsllskapet-bib.se\/?page_id=64"},"modified":"2018-02-18T14:00:12","modified_gmt":"2018-02-18T13:00:12","slug":"anglais-vals","status":"publish","type":"page","link":"https:\/\/www.xn--empirsllskapet-bib.se\/index.php\/dans\/anglais-vals\/","title":{"rendered":"Anglais, vals"},"content":{"rendered":"<p>Fr\u00e5n boken Angl\u00e4ser och Kadriljer funnen i Yttermyra, Ovansj\u00f6 socken i G\u00e4strikland. Tolkat av Anna L\u00f6fgren.<\/p>\n<p>Uppst\u00e4llning parvis i rad f\u00f6r l\u00e5ngdans. Valssteg.<\/p>\n<table class=\"\"dances\"\">\n<tr>\n<td><strong>Takt<\/strong><\/td>\n<td><strong>Omkastning och omdansning<\/strong><\/td>\n<\/tr>\n<tr style=\"\"border-bottom:none\"\">\n<td>1-4<\/td>\n<td>Par ett kastar om par 2, par tv\u00e5 g\u00e5r upp, 4 valssteg.<\/td>\n<\/tr>\n<tr style=\"\"border-bottom:none\"\">\n<td>5-8<\/td>\n<td>Par ett valsar om nedanf\u00f6r par tv\u00e5, 4 valssteg.<\/td>\n<\/tr>\n<tr style=\"\"border-bottom:none\"\">\n<td>1-4<\/td>\n<td>Par tv\u00e5 g\u00f6r detsamma.<\/td>\n<\/tr>\n<tr style=\"\"border-bottom:none\"\">\n<td>5-8<\/td>\n<td>Par tv\u00e5 valsar om nedanf\u00f6r par ett.<\/td>\n<\/tr>\n<tr>\n<td><strong><\/strong><\/td>\n<td><strong>Parvis vals<\/strong><\/td>\n<\/tr>\n<tr style=\"\"border-bottom:none\"\">\n<td>9-16<\/td>\n<td>Par ett och tv\u00e5 valsar om med egen moitj\u00e9 s\u00e5 att <\/td>\n<\/tr>\n<tr style=\"\"border-bottom:none\"\">\n<td>9-16<\/td>\n<td>paren till slut bytt plats med varandra. 8 + 8 valssteg.<\/td>\n<\/tr>\n<\/table>\n","protected":false},"excerpt":{"rendered":"<p>Fr\u00e5n boken Angl\u00e4ser och Kadriljer funnen i Yttermyra, Ovansj\u00f6 socken i G\u00e4strikland. Tolkat av Anna L\u00f6fgren. Uppst\u00e4llning parvis i rad f\u00f6r l\u00e5ngdans. Valssteg. Takt Omkastning och omdansning 1-4 Par ett kastar om par 2, par tv\u00e5 g\u00e5r upp, 4 valssteg. 5-8 Par ett valsar om nedanf\u00f6r par tv\u00e5, 4 valssteg. 1-4 Par tv\u00e5 g\u00f6r detsamma. &hellip; <\/p>\n<p class=\"link-more\"><a href=\"https:\/\/www.xn--empirsllskapet-bib.se\/index.php\/dans\/anglais-vals\/\" class=\"more-link\">Forts\u00e4tt l\u00e4sa<span class=\"screen-reader-text\"> \u201dAnglais, vals\u201d<\/span><\/a><\/p>\n","protected":false},"author":1,"featured_media":0,"parent":11,"menu_order":0,"comment_status":"closed","ping_status":"closed","template":"","meta":{"footnotes":""},"class_list":["post-64","page","type-page","status-publish","hentry"],"_links":{"self":[{"href":"https:\/\/www.xn--empirsllskapet-bib.se\/index.php\/wp-json\/wp\/v2\/pages\/64","targetHints":{"allow":["GET"]}}],"collection":[{"href":"https:\/\/www.xn--empirsllskapet-bib.se\/index.php\/wp-json\/wp\/v2\/pages"}],"about":[{"href":"https:\/\/www.xn--empirsllskapet-bib.se\/index.php\/wp-json\/wp\/v2\/types\/page"}],"author":[{"embeddable":true,"href":"https:\/\/www.xn--empirsllskapet-bib.se\/index.php\/wp-json\/wp\/v2\/users\/1"}],"replies":[{"embeddable":true,"href":"https:\/\/www.xn--empirsllskapet-bib.se\/index.php\/wp-json\/wp\/v2\/comments?post=64"}],"version-history":[{"count":3,"href":"https:\/\/www.xn--empirsllskapet-bib.se\/index.php\/wp-json\/wp\/v2\/pages\/64\/revisions"}],"predecessor-version":[{"id":217,"href":"https:\/\/www.xn--empirsllskapet-bib.se\/index.php\/wp-json\/wp\/v2\/pages\/64\/revisions\/217"}],"up":[{"embeddable":true,"href":"https:\/\/www.xn--empirsllskapet-bib.se\/index.php\/wp-json\/wp\/v2\/pages\/11"}],"wp:attachment":[{"href":"https:\/\/www.xn--empirsllskapet-bib.se\/index.php\/wp-json\/wp\/v2\/media?parent=64"}],"curies":[{"name":"wp","href":"https:\/\/api.w.org\/{rel}","templated":true}]}}