{"id":84,"date":"2018-02-17T14:57:51","date_gmt":"2018-02-17T13:57:51","guid":{"rendered":"http:\/\/www.xn--empirsllskapet-bib.se\/?page_id=84"},"modified":"2018-02-18T14:46:25","modified_gmt":"2018-02-18T13:46:25","slug":"hole-in-the-wall","status":"publish","type":"page","link":"https:\/\/www.xn--empirsllskapet-bib.se\/index.php\/dans\/hole-in-the-wall\/","title":{"rendered":"Hole in the wall"},"content":{"rendered":"<p><strong><a title=\" target=\" href=\"https:\/\/www.youtube.com\/watch?v=jj47nNYcaOI\" target=\"_blank\" rel=\"noopener\">H\u00e4r ser du Empirs\u00e4llskapet dansa Hole in the wall<\/a><\/strong><\/p>\n<p><em>Musik:<\/em> Sex \u00e5ttondelstakt. <a href=\"http:\/\/www.traditionalmusic.co.uk\/sfo\/music\/004592.HTM#.UiIYjxtup8F\" target=\"_blank\">H\u00e4r hittar du noter med melodi och ackord<br \/>\n<\/a><a href=\"http:\/\/www.pbm.com\/~lindahl\/lod\/vol1\/hith_music.gif\" target=\"_blank\">Pianoarrangemang<\/a><\/p>\n<p><em>Uppst\u00e4llning:<\/em> Longways, parvis p\u00e5 led. Paren delas in i \u201cettor\u201d och \u201dtv\u00e5or\u201d, med b\u00f6rjan fr\u00e5n det f\u00f6rsta paret. Ettorna bildar en grupp med de bakomvarande tv\u00e5orna.\u00a0Dessa tv\u00e5 par dansar med varandra.<\/p>\n<p><em>1-12<\/em>\u00a0 Ettorna g\u00f6r cast out och rundar sina tv\u00e5or, m\u00f6ts och g\u00e5r emellan tv\u00e5orna tillbaka till startplats.<br \/>\n<em>1-12<\/em>\u00a0 Tv\u00e5orna v\u00e4nder sig is\u00e4r bak\u00e5t och g\u00f6r sedan en likadan cast out runt sina ettor.<br \/>\n<em>1-12 \u00a0<\/em>Herre 1 och dam 2 h\u00e5ller upp h\u00f6ger handflata mot varandra och byter plats.\u00a0Herre 2 och dam 1 g\u00f6r samma sak.<br \/>\n<em>1-6<\/em>\u00a0 Alla fyra tar hand i ring och g\u00e5r runt ett halvt varv \u00e5t v\u00e4nster p\u00e5 tv\u00e5 dubbelsteg, tillbaka till startplats.<br \/>\n<em>1-6\u00a0<\/em> Ettorna g\u00f6r cast out runt sina tv\u00e5or. Tv\u00e5orna tar hand och g\u00e5r ett dubbelsteg fram\u00e5t.<\/p>\n<p>Efter varje s\u00e5dan tur har ettorna och tv\u00e5orna bytt plats med varandra och dansen b\u00f6rjar om. Ettorna bildar d\u00e5 nya grupper med sina nya tv\u00e5or. Ettorna kommer s\u00e5ledes\u00a0att vandra ned\u00e5t i ledet, och tv\u00e5orna upp\u00e5t. N\u00e4r ett par kommit till \u00e4nden av ledet f\u00e5r de v\u00e4nta en tur, och kommer d\u00e4refter \u00e5ter in i dansen som den andra sorten\u00a0(ettorna blir d\u00e5 tv\u00e5or, och tv\u00e5orna ettor).<\/p>\n","protected":false},"excerpt":{"rendered":"<p>H\u00e4r ser du Empirs\u00e4llskapet dansa Hole in the wall Musik: Sex \u00e5ttondelstakt. H\u00e4r hittar du noter med melodi och ackord Pianoarrangemang Uppst\u00e4llning: Longways, parvis p\u00e5 led. Paren delas in i \u201cettor\u201d och \u201dtv\u00e5or\u201d, med b\u00f6rjan fr\u00e5n det f\u00f6rsta paret. Ettorna bildar en grupp med de bakomvarande tv\u00e5orna.\u00a0Dessa tv\u00e5 par dansar med varandra. 1-12\u00a0 Ettorna g\u00f6r &hellip; <\/p>\n<p class=\"link-more\"><a href=\"https:\/\/www.xn--empirsllskapet-bib.se\/index.php\/dans\/hole-in-the-wall\/\" class=\"more-link\">Forts\u00e4tt l\u00e4sa<span class=\"screen-reader-text\"> \u201dHole in the wall\u201d<\/span><\/a><\/p>\n","protected":false},"author":1,"featured_media":0,"parent":11,"menu_order":0,"comment_status":"closed","ping_status":"closed","template":"","meta":{"footnotes":""},"class_list":["post-84","page","type-page","status-publish","hentry"],"_links":{"self":[{"href":"https:\/\/www.xn--empirsllskapet-bib.se\/index.php\/wp-json\/wp\/v2\/pages\/84","targetHints":{"allow":["GET"]}}],"collection":[{"href":"https:\/\/www.xn--empirsllskapet-bib.se\/index.php\/wp-json\/wp\/v2\/pages"}],"about":[{"href":"https:\/\/www.xn--empirsllskapet-bib.se\/index.php\/wp-json\/wp\/v2\/types\/page"}],"author":[{"embeddable":true,"href":"https:\/\/www.xn--empirsllskapet-bib.se\/index.php\/wp-json\/wp\/v2\/users\/1"}],"replies":[{"embeddable":true,"href":"https:\/\/www.xn--empirsllskapet-bib.se\/index.php\/wp-json\/wp\/v2\/comments?post=84"}],"version-history":[{"count":6,"href":"https:\/\/www.xn--empirsllskapet-bib.se\/index.php\/wp-json\/wp\/v2\/pages\/84\/revisions"}],"predecessor-version":[{"id":243,"href":"https:\/\/www.xn--empirsllskapet-bib.se\/index.php\/wp-json\/wp\/v2\/pages\/84\/revisions\/243"}],"up":[{"embeddable":true,"href":"https:\/\/www.xn--empirsllskapet-bib.se\/index.php\/wp-json\/wp\/v2\/pages\/11"}],"wp:attachment":[{"href":"https:\/\/www.xn--empirsllskapet-bib.se\/index.php\/wp-json\/wp\/v2\/media?parent=84"}],"curies":[{"name":"wp","href":"https:\/\/api.w.org\/{rel}","templated":true}]}}